?
2
Suppose c = -0 + 9. Suppose -y - 4*n = -8, 0 = 3*y - y - 2*n + 4. Suppose y = -3*a + a + 12. Calculate the greatest common divisor of a and c.
3
Suppose 4*m = 2*g + 2*m - 10, 5*g - m = 21. Let f = -20 - -5. Let w(o) = o**2 + 13*o + 2. Let p be w(f). Calculate the greatest common divisor of g and p.
4
Let a be 8/(-12) + 906/9. Calculate the highest common divisor of 20 and a.
20
Suppose -3*s - 5*r + 0*r + 218 = 0, -s + 2*r = -58. What is the highest common factor of 22 and s?
22
Suppose 3*h + h = -20. Let s(v) = -v**3 - 4*v**2 + 2*v - 5. Let n be s(h). What is the greatest common divisor of n and 5?
5
Suppose -16 = -2*m - 0*m. Let u(t) = -t**3 - 10*t**2 + 8*t - 1. Let z be u(-11). What is the highest common factor of m and z?
8
Let l = 2 - 0. Let b(j) = 4*j**3 + 2*j + 1 + 0*j**l - j**2 - 7*j**3. Let f be b(-2). What is the greatest common factor of 119 and f?
17
Let a = 374 + -205. Calculate the highest common factor of 13 and a.
13
Let i be 1/3 - (-5838)/63. What is the highest common divisor of 31 and i?
31
Let u(t) be the first derivative of -t**3/3 - 7*t**2 - 12*t + 3. Let h be u(-12). Calculate the greatest common divisor of 84 and h.
12
Let u(w) = -w**3 + 5*w**2 + 3. Let x be u(5). Let q be 126 - (3 + (-6)/x). Calculate the greatest common divisor of 25 and q.
25
Let c be ((-44)/(-8))/((-1)/(-6)). Suppose 0 = 2*t, 2*s + 2*s = 2*t. Let k be s + 1 - 3 - -24. Calculate the greatest common factor of c and k.
11
Let a = -160 + 237. What is the highest common divisor of a and 11?
11
Suppose 3 = 3*q - 2*q. Suppose -5*a + 192 = -a. Suppose -3*p + p + a = 0. What is the greatest common factor of p and q?
3
Let j = -1 - -1. Let u(b) = b + 165. Let n be u(j). Let k be -3 + 9 + -4 + 1 + 12. Calculate the highest common factor of k and n.
15
Suppose 4*x - 319 = -2*n + 5*x, 5*x + 299 = 2*n. Calculate the highest common divisor of n and 6.
6
Let j(m) = -m + 9. Let s be j(4). Calculate the highest common factor of 20 and s.
5
Let w = -111 - -156. Calculate the greatest common factor of w and 9.
9
Let z = -83 + 158. Calculate the greatest common factor of 30 and z.
15
Let l = 1986 + -1942. Let d(t) = -2*t**2 + 6*t - 4. Let g be d(4). Let i = -1 - g. What is the highest common divisor of i and l?
11
Let y be (-15)/(-25) + (-194)/(-10). Suppose -13 - y = -3*g. Let f be (-6)/4*88/(-6). What is the highest common divisor of f and g?
11
Let b(o) = -o**2 + o + 14. Let t be b(0). Let r(a) = 14*a. Let f be r(1). Calculate the highest common factor of t and f.
14
Let k be 3 - (3 + 3) - -3. Let p = k + 9. What is the greatest common divisor of p and 36?
9
Suppose 4*n + 0*n - s - 62 = 0, -4*n + 56 = 2*s. Let q be 135/18 + 2/4. Suppose 2*z - q - 22 = 0. Calculate the highest common divisor of n and z.
15
Suppose -8 = -h + 7. Calculate the greatest common factor of 60 and h.
15
Suppose -5*y - 5*z = -3*y - 21, -4*y + z + 31 = 0. What is the highest common divisor of y and 56?
8
Suppose 66 = -0*a + 2*a. Let n be a - (-1 - -2 - 0). Let i be (3/(-4))/((-2)/n). Calculate the highest common divisor of i and 108.
12
Suppose 4*j = -3*w + 61, -4*w = -7*j + 2*j + 53. Calculate the highest common divisor of j and 143.
13
Suppose k - 2 - 1 = 0. Let r = k - 1. Let v(m) = 19*m**2 + m - 1. Let n be v(r). What is the greatest common factor of 7 and n?
7
Let k = -4 - -22. Suppose -3*f - 2*f + 432 = 3*h, 0 = 3*h - f - 432. What is the highest common divisor of k and h?
18
Let d(b) = -b + 7. Let l(c) = 2*c - 14. Let k(g) = -5*d(g) - 3*l(g). Let a be k(5). Let x be 11/1 - 3 - a. What is the highest common factor of 54 and x?
6
Let m(t) = -t**3 - 4*t**2 + 3*t - 4. Let r be m(-5). What is the highest common divisor of r and 9?
3
Let n be (-3908)/(-6)*(-3)/(-2). Let f = n + -376. Suppose 5*j - f = -g, 4*j + 2*g - 597 = -j. What is the highest common divisor of j and 11?
11
Let i = 267 + -190. What is the greatest common factor of i and 11?
11
Suppose -6 = 4*g - 3*g. Let o(k) = 2*k**2 + 3*k + 1. Let f be o(g). Let w(r) = -4*r - 3. Let u be w(-2). What is the highest common factor of u and f?
5
Suppose 46 + 218 = -4*v. Let q be (2 - (v + 1)) + 1. What is the greatest common divisor of q and 17?
17
Let y = -10 + 9. Let p be (-28)/(y - 12/(-20)). Calculate the highest common factor of 14 and p.
14
Let r(z) = z**3 + 4*z**2 - 6*z. Let x be r(-5). Suppose x*l - 24 = l. What is the greatest common divisor of 48 and l?
6
Let w = -34 - -14. Let x be (-1)/((w/(-96))/(-5)). Calculate the highest common divisor of x and 8.
8
Let c = 22 - 17. What is the greatest common divisor of c and 55?
5
Suppose -600 = -2*y - 2*y. Suppose 5*b = 5*d - y, 3*b = -0*d - d + 18. Calculate the greatest common divisor of 9 and d.
9
Suppose -3*d = i - 48, 2*d - 4*i + 39 = 5*d. Let u = -100 - -168. What is the highest common factor of d and u?
17
Let w = -46 + 124. Calculate the greatest common divisor of w and 12.
6
Let d(f) = 8*f**2 + 5*f + 2. Let h be d(-3). Suppose l = 7*l - 858. Let y = l - h. What is the highest common factor of 12 and y?
12
Let v = -4 + 4. Suppose -31 = -3*a - j, 4*a + v*a + 3*j = 38. Calculate the highest common divisor of a and 11.
11
Let r = -29 + 61. Suppose 9 = 6*q - 15. Calculate the greatest common divisor of r and q.
4
Let a be 4/4*0/2. Suppose 4*o - 203 + 43 = a. What is the greatest common factor of 16 and o?
8
Let y be (-5)/(-30) + (-95)/(-6). Calculate the greatest common factor of y and 4.
4
Suppose 13 = -2*l + 5*t, -6*l - t = -2*l - 29. Let y be (-3)/l + (-130)/(-4). Let q be ((-8)/10)/((-2)/125) - 2. What is the greatest common factor of y and q?
16
Let h = -7 + 15. What is the greatest common divisor of 24 and h?
8
Suppose 3*d + 2*d = 120. What is the highest common divisor of 12 and d?
12
Suppose 0 = -l - 3*l + 24. Let o = -27 + 69. What is the greatest common divisor of l and o?
6
Suppose -4*q - 64 = 2*d - 6*d, 19 = d - 2*q. Calculate the greatest common divisor of d and 104.
13
Let m = 29 - 21. What is the greatest common divisor of m and 8?
8
Let i(x) = x**3 + 6*x**2 - 7*x + 3. Let v be i(-6). What is the greatest common divisor of 9 and v?
9
Suppose -3*d - 8 = -5*d. Calculate the highest common factor of 64 and d.
4
Suppose -4*h + 48 = -0*v - 5*v, 3*h + v - 17 = 0. What is the greatest common factor of 35 and h?
7
Let c be (-1*1)/((-6)/882). Calculate the greatest common divisor of 21 and c.
21
Suppose -15*u + 80 = -14*u. What is the highest common factor of u and 10?
10
Suppose -c = -2*c + 4. Suppose 0 = 4*g - p - 335, -5*g = c*p - 83 - 341. What is the greatest common factor of 12 and g?
12
Suppose -9*o = -8*o - 3. What is the highest common divisor of 5 and o?
1
Let g = 23 + 10. Suppose -5*p + g = -247. Calculate the highest common divisor of 7 and p.
7
Let k = 249 - 223. Let t(u) = 2*u**3 - 2. Let v be t(3). What is the highest common factor of k and v?
26
Let j(i) = -2*i - 7. Let k be j(-5). Suppose -k*u - 102 = -3*d, -d - 2*u = 6 - 34. Suppose -4*g + 2*g = -32. What is the greatest common factor of g and d?
16
Let l be (-31)/155 + 1*122/10. Calculate the greatest common factor of l and 24.
12
Let j be 5/(-10) + 10/4. Let s = 54 - 14. Let l be s + -1 + (5 - j). Calculate the greatest common divisor of l and 105.
21
Let f = -4 - -54. What is the greatest common factor of f and 25?
25
Let h be 652/18 + 6/(-27). Suppose 5*i + 8 = -2, -3*g = 3*i - 66. Calculate the greatest common factor of h and g.
12
Suppose g = 26 + 3. What is the greatest common divisor of 29 and g?
29
Let m = 46 + -28. What is the highest common factor of 18 and m?
18
Let n be ((-45)/(-4))/((-5)/(-20)). Calculate the highest common divisor of 5 and n.
5
Let i be 2 + 4 + 0 + 1. Calculate the greatest common divisor of i and 49.
7
Let a(t) = t**3 - 9*t**2 - 15*t + 11. Let w be a(11). Suppose 0 = 3*g + 4*o - 9 - w, -43 = -g - 4*o. Calculate the highest common divisor of g and 3.
3
Suppose 0 = -0*w + 2*w + 10. Let x be (-148)/(-10) - 1/w. Calculate the highest common factor of 30 and x.
15
Let v(i) = i**3 - 2*i**2 + i + 1. Let q be v(4). Let z = q - 21. What is the greatest common divisor of z and 40?
8
Suppose x - 65 = -4*y, 5*y + 4 = -11. What is the greatest common factor of x and 11?
11
Suppose 2*c - 2*g - 2 + 0 = 0, 5*g = 15. Let d = -1 - -3. Suppose -4 + 76 = d*h. Calculate the highest common fact